ommon divisor of 1014 and w?
39
Suppose -4*b + 4*a - 5 = a, 3*b = -5*a + 18. Let n be (b - 1)/(5 + 6 + -9). Let g = n + 6. Calculate the highest common factor of 9 and g.
3
Let q be 23 + 2 - (-14 + 13). Suppose 0 = 3*d - 1 - 5. Suppose d*i = i + q. What is the highest common factor of i and 182?
26
Let w = -31 - -52. Suppose 0 = 3*b - 1 - 5. Suppose 3*f = -b*y + 11, -f + y + 4 + 8 = 0. What is the highest common divisor of f and w?
7
Let d = 10788 + -10742. What is the highest common divisor of d and 8441?
23
Let w = -161 + 243. Let p = w - 4. Suppose -4*o - s = -6*s - 139, 5*s = -3*o + p. What is the highest common divisor of o and 62?
31
Let k be 58/(8/10 + 0 + (-490)/175 + 4). Let x be (-3)/(-4)*4/1. Suppose 174 = x*q - q. Calculate the highest common divisor of q and k.
29
Suppose -2*s - 6 = n - 8, 0 = 3*n + 6. Suppose s*v - 91 = 119. What is the highest common factor of v and 140?
35
Let b be ((-2643)/((-4)/4))/3. Suppose b = 3*o - 109. What is the greatest common factor of 30 and o?
30
Suppose 3*a = 4*a - 2. Let b = -24 + 62. Suppose -4*u - 3*f + 43 = 0, -4*u + 2*f = -0*u - b. Calculate the highest common divisor of a and u.
2
Let h(i) = -4*i + 64. Let f be h(16). Suppose -g + 39 + 41 = f. Let w(k) = -k + 10. Let r be w(0). What is the highest common divisor of r and g?
10
Let s(g) = 2*g**3 - 34*g**2 - 33*g - 27. Let i be s(18). What is the highest common divisor of 2025 and i?
27
Suppose -9*q = -51*q + 210. What is the highest common factor of q and 1655?
5
Suppose 29*t = 37*t - 320. Suppose 2*g - 4*y - t = g, -2*g + 3*y = -105. What is the highest common divisor of g and 100?
20
Let r(k) = k**2 - 2*k - 2. Let f be r(3). Suppose -5*s - 723 = -1388. Suppose -s*i + 34 = -131*i. Calculate the highest common divisor of f and i.
1
Let o = -4899 + 13475. Calculate the greatest common divisor of 67 and o.
67
Suppose 298*c = 58*c + 244080. Calculate the greatest common divisor of 36 and c.
9
Suppose 40 = 473*q - 472*q. Suppose -3*v = 4*p + v - 188, -3*p = -3*v - 129. Calculate the greatest common divisor of q and p.
5
Let d be -40 - -27 - (-70 - 1). Calculate the greatest common factor of d and 2929.
29
Let j be (-12)/20 - 67641/(-35). Let u be 0 - 7/((-49)/j). Calculate the greatest common divisor of 12 and u.
12
Let q = 78 - 123. Let i be 21/2*(-5)/(q/(-6)). Let l = 37 + i. Calculate the greatest common divisor of 18 and l.
6
Suppose 13*j = 56*j + 3096. Let q = 8 - j. Let a(y) = 11*y**2 + 2*y + 1. Let u be a(-1). What is the highest common divisor of u and q?
10
Suppose 2*c - 6 = 0, 2*w + 3*c = 2565 - 1022. Let u be 2/8 + w/52. What is the highest common factor of 6 and u?
3
Suppose -64*n = -276024 - 358088. What is the highest common divisor of n and 4?
4
Suppose 38*l - 9111 - 4391 = -3774. Calculate the greatest common divisor of 1696 and l.
32
Let y = -17 + 122. Let o be (50/7)/(15/y). Calculate the highest common factor of 25 and o.
25
Let s = 74 + -63. Let f(o) = o**2 - 11*o + 3. Let b be f(s). Let y be (b/(-6))/(1/(-396)). Calculate the highest common factor of 22 and y.
22
Suppose 5*o + 3*n - 1670 = 3721, -4*o = 2*n - 4314. Suppose t = 5*t - o. Let h = 582077 - 582047. Calculate the highest common factor of h and t.
30
Let d = 62 + -35. Suppose 4*v + d = 3*t, -2*v - 1 = -0*t + t. Let s(n) = 2*n**2 + 4*n. Let r be s(t). Calculate the highest common factor of 28 and r.
14
Let f be ((-9)/6)/(3/(-52)). Suppose 0 = 121*p - 26376 - 23960. What is the greatest common factor of p and f?
26
Let p(n) = 18*n + 23. Let k be p(-1). Suppose -2*u + 8 = 0, k*b - 19*u + 20*u - 679 = 0. What is the greatest common factor of 54 and b?
27
Let t(i) = i**2 + 7*i - 2. Let a be t(-10). Suppose 5*r - h = 145, 27*r - a*r = 5*h - 3. What is the highest common factor of 7 and r?
7
Suppose -6*u - 152 = -8*u. Suppose -3*c - 2*l + 2 = 0, 2*c - 21 = -4*l - 33. Calculate the greatest common divisor of u and c.
4
Suppose 49*y = 56*y - 84. Suppose -212 = -2*d - 4*n, -4*d = -6*d - 2*n + 220. Calculate the greatest common factor of d and y.
6
Let o(v) = -v**2 + 21*v - 31. Let u be o(13). Suppose -4*s + u = -27. What is the highest common divisor of 200 and s?
25
Suppose -6*x = -309 - 2859. Suppose -3*o - 2*v + 424 = o, 5*o - x = -2*v. Let w = -97 + o. What is the greatest common divisor of 14 and w?
7
Let n be 21 + (0 + 6 - 4). Let d = -20 + n. Suppose d*g - 10*g + 84 = 0. Calculate the greatest common divisor of g and 108.
12
Let t be 14/(168/348) + 15. What is the highest common factor of t and 1628?
44
Let t = 8 + -3. Let w = -163 - -183. Let f be (-4 + 155/w)*(-4)/(-3). Calculate the highest common factor of f and t.
5
Suppose -43 = -4*q - 11. Suppose 6*b + 4*b - 190 = 0. Suppose -b*l = -17*l - 2. Calculate the greatest common factor of q and l.
1
Let m = 34903 + -34679. What is the highest common divisor of 7936 and m?
32
Suppose 952 = 5*z - 518. Let q = z + -168. Suppose 4*w - 175 - 161 = 0. What is the greatest common divisor of w and q?
42
Let m be (852/(-1846) - 32/(-13)) + 36039. What is the greatest common factor of 23 and m?
23
Suppose -15*k + 1794 = -9*k. Calculate the greatest common divisor of 46 and k.
23
Suppose 843 = 355*d - 1642. Calculate the highest common divisor of 96 and d.
1
Suppose 2*f = -2*n - 3554, f - n + 3542 = -f. Let i be (-1 - -3)*(f/(-18) + -4). What is the highest common divisor of i and 315?
63
Suppose 23*g - 18887 = -26*g - 52*g. Calculate the greatest common divisor of 11 and g.
11
Suppose 0 = 28*u - 14807 - 2133. What is the greatest common factor of 2057 and u?
121
Let y be 2/(12/(-9)*(-6)/4). Let t be y/((-1 - 3)/8). Let a be ((-1 + t)/1 - -18) + 3. What is the highest common factor of a and 27?
9
Let z be (-1170)/20*78156/(-162). What is the greatest common factor of z and 169?
169
Suppose 35*y = 3256 - 507 + 2851. What is the highest common divisor of y and 3296?
32
Let y(g) = -g**3 - 10*g**2 - 8*g + 12. Let f be y(-9). Let u = -6015 - -6042. What is the highest common factor of u and f?
3
Let u = 28 - 13. Let f(r) = -r**2 - 161*r + 11106. Let a be f(52). What is the highest common factor of u and a?
15
Suppose -67 = -5*l + q, 54*q - 40 = 49*q. Let g be 1/1 + 11 + -1. Suppose -2*j + g = -9. Calculate the greatest common factor of j and l.
5
Let o(a) = a**3 + 17*a**2 - 4*a - 57. Let m be o(-17). Let w = 21 - m. Suppose 132 = -w*b + 14*b. Calculate the greatest common factor of 297 and b.
33
Let m be ((-52)/(-8))/(-13) + (-119325)/(-30). What is the highest common divisor of m and 194?
97
Suppose 19*n - 324 = n. Let a be 4/(30/n + -1). What is the greatest common factor of 3 and a?
3
Suppose -3*c + 33 = 3*q, -q + 9 = -c + 3*q. Suppose c*v - 331 = 173. Let o = v - -24. What is the highest common divisor of o and 12?
12
Suppose -6*w + w = 3*r - 275, 2*r = -4*w + 184. Suppose 5*i - 19 = 4*y + 75, -5*i + 5*y + r = 0. What is the highest common divisor of i and 44?
22
Suppose 0 = 6*s + 5*s + 682. Let g = s + 48. Let v be ((-39)/g + 2/(-7))*50. Calculate the highest common factor of 50 and v.
25
Suppose -6*h - 17 + 65 = 0. Let q = 52 + -88. Let u = -12 - q. What is the highest common factor of h and u?
8
Let o be (10/(-4))/(22/(-44)). Let f be (-6)/(o + -2) + -11. Let q be f/(273/72)*-7. Calculate the greatest common factor of q and 3.
3
Let y be ((-112)/(-88))/(-7) - (-1654)/22. Let p be y/(-35) - -2 - (-246)/7. Calculate the greatest common factor of 14 and p.
7
Let d(g) = -g**2 + 12 + 6 + 18*g - 6 - 4*g. Let v be ((-28)/(-10))/((-186)/(-30) + -6). Let f be d(v). Calculate the greatest common factor of f and 1.
1
Let l be (-25)/((-4)/(-10) + (-63)/45). Suppose l*y - 23*y - 462 = 0. What is the highest common divisor of 308 and y?
77
Let n be 14/21 + (-182)/63*-204. What is the highest common divisor of n and 25?
5
Let v be (7 + -35)*156/(-91). Calculate the highest common divisor of v and 304.
16
Suppose 0 = -3*u - 0*u + 2*v + 105, 175 = 5*u - v. Suppose 15*r + u = 20*r. Calculate the highest common factor of 91 and r.
7
Suppose z + 3*k = 322, 0 = -z + 3*k + 427 - 111. Suppose -11*f + z = -495. Let a = f + -59. What is the highest common divisor of 5 and a?
5
Let t(k) = 4*k**2 - k + 2. Let c be t(-2). Let u = -127132 - -127152. What is the highest common divisor of u and c?
20
Suppose -f - 8 + 3 = -2*y, 5 = -y - f. Suppose 3*q + 5